the second derivative of b**3/6 + 5*b**2/2 - 3*b. Give c(-5).
0
Let w(i) = 0*i**3 - 1 + 6*i**2 - 13*i**2 - 2*i + 3*i**2 - i**3. Calculate w(-4).
7
Let a(g) = 2*g + 1. Suppose -5 + 0 = -5*i. Let f(w) = -2*w**2 + 6*w - 4. Let z be f(2). Suppose q + 0*q - i = z. What is a(q)?
3
Let q(r) = 13*r - 21. Let m(s) = -7*s + 10. Let o(i) = 11*m(i) + 6*q(i). Calculate o(7).
-9
Suppose g - 5*y + 5 + 5 = 0, -2*g = y - 24. Let n = g - 6. Let h(v) = 16 - 29 + 14 + v. What is h(n)?
5
Let s(q) = -q**2 - 1 + q - q**3 - q + q. Let n be s(0). Let d(l) = 1 - 8*l**2 + 2*l - 3 + 3. What is d(n)?
-9
Let l(q) = -2 + 3*q - 2*q - 6. What is l(7)?
-1
Let q(s) = 24*s - 45*s + 1 + s**2 + 19*s. Suppose 0 = 3*g - 13 + 4. What is q(g)?
4
Let z(p) be the first derivative of p**3/3 + 9*p**2/2 + 5*p + 12. Calculate z(-6).
-13
Suppose 2*t + 20 = 7*t. Suppose 2*k = -0*k - t. Let l(c) = c**2 + 5*c + 1. Calculate l(k).
-5
Let g(l) = -7*l**3 + 14*l**2 - 8*l + 4. Suppose -3*j = -4 + 43. Let i(s) = 15*s**3 - 29*s**2 + 16*s - 7. Let p(z) = j*g(z) - 6*i(z). Determine p(7).
-3
Let x(n) = n**3 + 2*n**2 + n + 2. Let u = 4 + -6. Let i be x(u). Suppose 4*z + 30 - 10 = i. Let d(p) = -p**2 - 6*p - 1. Calculate d(z).
4
Let j(a) = a**3 + 5*a**2 - 2*a - 5. Let s = 41 - 22. Let w be ((-6)/(-8))/((-2)/(-8)). Suppose s = -w*t + 4*o, -t = -0*t + 5*o. Calculate j(t).
5
Let q(a) = -10*a**3 + 4*a**2 + 2*a - 3. Let h(b) = -b**2 + 1. Let i(k) = 4*h(k) + q(k). Let c be 2/(-5) - 39/65. Determine i(c).
9
Let w(z) = z**3 - z**2 + z - 6. Let g(f) = -26*f + 18*f + 24 + 10*f. Let d be g(-12). What is w(d)?
-6
Let o = 33 + -35. Let w(h) = 2*h + 2. Give w(o).
-2
Let m(f) be the second derivative of f**5/20 - f**4/12 - f**3/6 - f**2/2 + f. Suppose -i = 3*i. Suppose i = -0*p + p. Determine m(p).
-1
Suppose -2*h + 7 = i + 20, -3*h = 12. Let l(a) be the third derivative of 1/8*a**4 + 2*a**2 + 0*a + 1/60*a**5 + 0 + 0*a**3. Give l(i).
10
Let c(l) = 0*l**2 + 2*l**2 - 3*l**3 + 0*l**2 + 2*l**3 + 3*l - 1. Calculate c(3).
-1
Let s(h) = h**2 + 8*h + 2. Suppose -2*a = 2*a - 5*t - 4, -32 = 4*a + 4*t. What is s(a)?
-14
Let u = -104 + 6241/60. Let i(c) be the third derivative of 0 + 1/8*c**4 + 0*c + 1/6*c**3 - u*c**5 + 3*c**2. Calculate i(4).
-3
Let c(g) = g**2 + 2*g - 5. Suppose -18 = 3*q - 3. Calculate c(q).
10
Let x(u) = 2*u**2 - u**2 - 12 - 14*u + 7*u. Calculate x(9).
6
Suppose -w + 21 - 16 = 0. Let a(s) = 7*s**2 + 7*s - 14. Let q(o) = -3*o**2 - 4*o + 7. Let u(m) = -4*a(m) - 9*q(m). Calculate u(w).
8
Let v(i) = -i**3 - 2. Suppose 0 = -0*f + f. Let x = -5 - -10. Suppose f*q = -x*q. Determine v(q).
-2
Let k = 20 - 17. Let o(f) = -4 + 2*f**3 + f**2 - k*f**3 + 4*f + 2. Determine o(3).
-8
Suppose 0 = -5*w - 4*u - 25, u - 24 + 4 = 4*w. Let l = w - 0. Let g(x) = 2*x**2 - 8*x + 7. Let m(q) = -q**2 + q - 1. Let k(z) = g(z) + 3*m(z). Give k(l).
4
Let f(i) be the first derivative of -5*i**2/2 - 8*i + 7. Let o(q) = q + 2. Suppose -2*u + 9 = -u. Let a(s) = u*o(s) + 2*f(s). Determine a(2).
0
Let a = 25 - 26. Let z(j) = 3*j + 1. Give z(a).
-2
Let h(u) = 2 - 4*u**2 + 3*u**2 + 3*u + 0*u**2. Let t(f) = -f + 2. Let j be t(5). Let l be 1*-2*j/2. Give h(l).
2
Let a(o) = o - 3. Let i be a(5). Let m(s) = -s + 3. Give m(i).
1
Let b(w) = w**3 - 4*w**2 - 2*w - 6. Let f = -21 - -26. Determine b(f).
9
Let a(c) be the first derivative of 11*c - 2*c**2 - 5*c - 4 + 4*c**2 - 3*c**2. Determine a(4).
-2
Let u be (1 - -1)/(-1) - 0. Let n be 1 - (u + 0/(-2)). Let z(d) = -d**3 + 2*d**2 + 4. Determine z(n).
-5
Let m be 24/36 + (-4)/6. Let y(s) = s + 8. Determine y(m).
8
Suppose 0 = -3*r + r + 24. Let p be 10/(-6) + 8/r. Let w(c) = 7*c + 2. Let a(s) = -6*s - 2. Let v(q) = -6*a(q) - 5*w(q). Give v(p).
1
Suppose 2*l - 2 = 0, -4*t + 5 + 10 = -5*l. Suppose 0 = -g + t*g + 20. Let u(d) = -d**3 - 4*d**2 + 3*d + 1. Give u(g).
11
Let v be -1 + 2*9/6. Let z(s) = 2. Let m(a) = a + 3. Let q(w) = 2*m(w) - 3*z(w). Give q(v).
4
Let t(z) = 6*z + 4 - 4 - 4*z + 7. Determine t(-7).
-7
Let f(b) be the third derivative of -b**6/120 - b**5/20 + b**4/8 + 5*b**3/6 - 7*b**2. What is f(-4)?
9
Let a(g) = g**2 - 5*g - 6. Let f = -6 - -6. Suppose f*z + 24 = -z. Let m be z/30*(-30)/4. What is a(m)?
0
Suppose 3*v = -5*j - 2, -3*j + v - 1 + 11 = 0. Let o(r) = -11*r + 3. What is o(j)?
-19
Let m(q) be the second derivative of -q**5/20 + q**4/3 - q**3/2 - 3*q**2/2 - 26*q. Determine m(3).
-3
Let u(w) = -w**3 + 4*w**2. Let q be -3 + (12 - (-1 - -2)). Let k be 34/q + 6/(-24). Let s be (k/(-12))/((-2)/18). What is u(s)?
9
Let z(b) be the third derivative of -b**5/60 - 3*b**2. Let j(x) = -5*x**2 - 4. Let m(k) = j(k) - 6*z(k). What is m(0)?
-4
Suppose -2*c + 5*c - i = 11, 5*c = i + 17. Let y be (c/(-6))/((-2)/40). Let k = 5 - y. Let q(p) = p**3 + 4*p**2 - 4*p + 4. Calculate q(k).
-1
Let b = -11 - 1. Let t be 3/b + 38/(-8). Let o(f) be the third derivative of f**6/120 + f**5/15 - 5*f**4/24 - f**3/3 - f**2. What is o(t)?
-2
Let m(s) be the second derivative of -s**6/360 + s**5/15 - 5*s**4/12 + 7*s**3/6 + 7*s. Let j(v) be the second derivative of m(v). Calculate j(7).
-3
Let y(j) = j**3 - 1. Let i(v) = v**3 - 2*v**2 + v - 4. Let s(z) = i(z) - 4*y(z). Let f(h) = -2*h**2 - h. Let r be f(-1). Let x = r + 2. Determine s(x).
-4
Let f = -54 - -57. Let b(o) be the third derivative of 0*o + 1/60*o**6 - 1/24*o**4 + 0 + 1/6*o**3 + f*o**2 + 0*o**5. Determine b(1).
2
Let g(t) be the first derivative of t**2 + 1. Suppose -4 = -z - 2. Calculate g(z).
4
Let l = 5 + -3. Let b(o) = o - 1 + 5*o**l + o - 7*o**2. Determine b(1).
-1
Let h(v) be the third derivative of -v**6/360 + v**5/120 + v**4/4 + v**3 - 7*v**2. Let u(q) be the first derivative of h(q). Calculate u(0).
6
Suppose 3*n - 1 = 2*h + 6*n, -4*h + 4*n = -28. Let w(s) = s**3 - 1 - 4*s**2 + s + 1 - 3. What is w(h)?
1
Let d(w) = 2*w - 4. Let a(r) be the third derivative of -r**5/60 - 3*r**4/8 - 5*r**3/6 + 8*r**2. Let s be a(-8). Calculate d(s).
2
Let g be (-9)/15 + (-83)/(-5). Suppose d - 3*a = -g, 0*a + 3*a - 15 = 0. Let c(r) = 7*r + 1. Give c(d).
-6
Let l(n) be the second derivative of 1/20*n**5 - 1/3*n**4 - 1/3*n**3 - n + 0 + 3*n**2. Let p = -8 + 12. Give l(p).
-2
Suppose -42 = -i - 0*i. Let v be 1/4 + i/(-8). Let y(q) = 2*q + 3 + 2 + q - 2*q. Calculate y(v).
0
Let f(n) = -2*n**2 + 4*n. Suppose p = 6*p + 20. Let l = p + 7. Let w = l - 0. Determine f(w).
-6
Let b(a) = 5*a**3 + a**2 + a - 1. Let m be 6/(2 + 1 - 2). Suppose -5 = i - m*i. What is b(i)?
6
Let i(j) = 6*j**2 - 2*j + 1. Suppose 0 = 2*t - 5*x - 19 - 14, x + 25 = 5*t. Suppose t + 1 = 5*o. What is i(o)?
5
Let v(k) = -k**2 - 4*k + 1. Suppose 2 = 2*a - 12. Suppose a = -x + 2. Determine v(x).
-4
Let k be (-20)/2*1/2. Let o = 4 - 4. Let q(p) = 1 + o - 2*p - 8. Give q(k).
3
Let u(x) = -x - 1. Let l(n) = n + 3. Let i(y) = -l(y) - 2*u(y). Calculate i(0).
-1
Let f(o) = o**2 + 9*o + 10. Let u be f(-8). Let m(k) = -k**2 + 2*k - u - 6*k + 2*k + k. Let z = -1 - 2. Determine m(z).
-8
Let h(n) be the third derivative of -n**4/12 - 2*n**3/3 + 25*n**2. Determine h(6).
-16
Suppose -2*v = 2*v - 8. Suppose v*r = -4*b - 3 - 9, 3*b = -2*r - 11. Let g = r - -8. Let x(t) = -t + 3. Give x(g).
-1
Let y be (-8)/20*(1 - -4). Suppose -3 + 1 = -2*x. Let k = y - x. Let d(l) = -l**2 - 2*l. Determine d(k).
-3
Let t(r) = -r**3 + 5*r**2 - 3*r + 7. Let x be t(5). Let j be (x + 5)*(-15)/9. Let c(h) = h**2 - 5*h + 3. Determine c(j).
3
Let v = -9 - -11. Let k(h) = -4*h + 3. Determine k(v).
-5
Let j be 1 + -4*(-3)/6. Suppose -j*q - 6 = -6*q. Let t(d) = q*d**3 + 1 - 9*d**3 + 0*d**3. Give t(1).
-6
Let v(q) = 15*q + 1. Let l = -34 - -33. What is v(l)?
-14
Let m = 69/20 - 17/5. Let s(f) be the second derivative of -m*f**5 + 1/6*f**3 - 1/2*f**2 + 0 + f + 1/12*f**4. Determine s(1).
0
Let v = -9 - -11. Let x(a) = -2*a**3 + 4*a**2 - 3*a + 1. Give x(v).
-5
Let f(m) = -m**2 - m**3 + m**2 - 2*m + 0*m**2 + 6*m**2 + 9. Determine f(6).
-3
Let i(n) = -n**2 + 7*n - 5. Let b(j) = -4 + 5*j - 4*j + 0. Let k be b(10). Calculate i(k).
1
Suppose 2*d - 2*v + 7 = d, d = 4*v - 17. Let b(y) = -5*y**2 + 3. Let m(s) = -14*s**2 + s + 9. Let r(l) = 8*b(l) - 3*m(l). What is r(d)?
6
Let k(d) = 0*d - 3*d + d + d. Calculate k(0).
0
Let d(c) be the third derivative of c**6/120 - c**5/30 - c**4/12 + c**3/2 + 3*c**2. Determine d(2).
-1
Let w(y) = 27 - 7*y - 27 + 0*y**2 + y**2. Calcu